{"id":306,"date":"2025-11-03T19:07:07","date_gmt":"2025-11-03T19:07:07","guid":{"rendered":"https:\/\/web31251803.lab1.almamater.si\/?page_id=306"},"modified":"2025-12-07T13:37:39","modified_gmt":"2025-12-07T13:37:39","slug":"elementor-306","status":"publish","type":"page","link":"https:\/\/web31251803.lab1.almamater.si\/","title":{"rendered":"Domov"},"content":{"rendered":"\t\t<div data-elementor-type=\"wp-page\" data-elementor-id=\"306\" class=\"elementor elementor-306\">\n\t\t\t\t<div class=\"elementor-element elementor-element-39dd12c e-flex e-con-boxed e-con e-parent\" data-id=\"39dd12c\" data-element_type=\"container\">\n\t\t\t\t\t<div class=\"e-con-inner\">\n\t\t\t\t<div class=\"elementor-element elementor-element-94f5e78 elementor-widget elementor-widget-heading\" data-id=\"94f5e78\" data-element_type=\"widget\" data-widget_type=\"heading.default\">\n\t\t\t\t\t<h2 class=\"elementor-heading-title elementor-size-default\">Kdo smo?<\/h2>\t\t\t\t<\/div>\n\t\t\t\t\t<\/div>\n\t\t\t\t<\/div>\n\t\t<div class=\"elementor-element elementor-element-80e4de9 e-flex e-con-boxed e-con e-parent\" data-id=\"80e4de9\" data-element_type=\"container\" data-settings=\"{&quot;background_background&quot;:&quot;classic&quot;}\">\n\t\t\t\t\t<div class=\"e-con-inner\">\n\t\t\t\t<div class=\"elementor-element elementor-element-a6339ce elementor-widget elementor-widget-text-editor\" data-id=\"a6339ce\" data-element_type=\"widget\" data-widget_type=\"text-editor.default\">\n\t\t\t\t\t\t\t\t\t<p data-start=\"71\" data-end=\"1003\">Gobarsko dru\u0161tvo Nova Gorica je bilo ustanovljeno 12. junija 2006 in nadaljuje tradicijo Gobarske dru\u017eine Nova Gorica, ki je delovala \u017ee od leta 1973. Po ponovni ustanovitvi je dru\u0161tvo za\u010delo \u0161iriti gobarsko znanje in prispevati k ohranjanju narave, hkrati pa je postalo \u010dlan Mikolo\u0161ke zveze Slovenije, ki povezuje 28 dru\u0161tev po dr\u017eavi in skrbi za povezavo z naravovarstvenimi institucijami. \u010clanstvo se je ob ustanovitvi \u0161telo 22, do leta 2009 pa se je pove\u010dalo na 80 \u010dlanov. Dru\u0161tvo organizira razli\u010dne aktivnosti, kot so \u201cGobarska sre\u010danja\u201d, \u201cDeterminatorska sre\u010danja\u201d, predavanja in razstave, ki privabljajo tako \u010dlane kot \u0161ir\u0161o javnost, pri \u010demer posebno pozornost namenja tudi izobra\u017eevanju \u0161olske mladine. Najbolj odmevne so vsakoletne razstave v hotelu Sabotin in drugih lokalnih prostorih, ki vklju\u010dujejo tudi \u201cMesec gobjih jedi\u201d ter omogo\u010dajo pridobivanje dovoljenj za zbiranje za\u0161\u010ditenih vrst gob za izobra\u017eevalne namene.<\/p><p data-start=\"1005\" data-end=\"1607\">Za \u010dlane dru\u0161tva so klju\u010dna determinatorska sre\u010danja in gobarska sre\u010danja, kjer se prepoznava vrste gob, spoznava obmo\u010dja rasti in preizku\u0161a gobja kulinarika. Obenem dru\u0161tvo organizira predavanja za \u0161ir\u0161o javnost, od splo\u0161nega poznavanja gob do gobjih jedi, vendar opa\u017ea potrebo po ve\u010d strokovnjakih determinatorjih, saj trenutno le 2\u20133 \u010dlani pokrivajo vse strokovne aktivnosti. Za nadaljnji razvoj bo dru\u0161tvo potrebno \u0161e tesneje povezati z drugimi dru\u0161tvi in Mikolo\u0161ko zvezo Slovenije, da bi zagotovili strokovno znanje in uspe\u0161no izvajali vse dejavnosti.<\/p><p data-start=\"1005\" data-end=\"1607\"><strong> Predsednik GD Nova Gorica je Jakob \u010ceferin.<\/strong><\/p>\t\t\t\t\t\t\t\t<\/div>\n\t\t\t\t\t<\/div>\n\t\t\t\t<\/div>\n\t\t<div class=\"elementor-element elementor-element-a5a58e7 e-flex e-con-boxed e-con e-parent\" data-id=\"a5a58e7\" data-element_type=\"container\">\n\t\t\t\t\t<div class=\"e-con-inner\">\n\t\t\t\t<div class=\"elementor-element elementor-element-6fb9291 elementor-widget elementor-widget-spacer\" data-id=\"6fb9291\" data-element_type=\"widget\" data-widget_type=\"spacer.default\">\n\t\t\t\t\t\t\t<div class=\"elementor-spacer\">\n\t\t\t<div class=\"elementor-spacer-inner\"><\/div>\n\t\t<\/div>\n\t\t\t\t\t\t<\/div>\n\t\t\t\t<div class=\"elementor-element elementor-element-ef5c8f7 elementor-widget elementor-widget-google_maps\" data-id=\"ef5c8f7\" data-element_type=\"widget\" data-widget_type=\"google_maps.default\">\n\t\t\t\t\t\t\t<div class=\"elementor-custom-embed\">\n\t\t\t<iframe loading=\"lazy\"\n\t\t\t\t\tsrc=\"https:\/\/maps.google.com\/maps?q=Nova%20Gorica%2C%20Slovenia&#038;t=m&#038;z=12&#038;output=embed&#038;iwloc=near\"\n\t\t\t\t\ttitle=\"Nova Gorica, Slovenia\"\n\t\t\t\t\taria-label=\"Nova Gorica, Slovenia\"\n\t\t\t><\/iframe>\n\t\t<\/div>\n\t\t\t\t\t\t<\/div>\n\t\t\t\t\t<\/div>\n\t\t\t\t<\/div>\n\t\t\t\t<\/div>\n\t\t","protected":false},"excerpt":{"rendered":"<p>Kdo smo? Gobarsko dru\u0161tvo Nova Gorica je bilo ustanovljeno 12. junija 2006 in nadaljuje tradicijo Gobarske dru\u017eine Nova Gorica, ki [&hellip;]<\/p>\n","protected":false},"author":1,"featured_media":0,"parent":0,"menu_order":0,"comment_status":"closed","ping_status":"closed","template":"","meta":{"site-sidebar-layout":"no-sidebar","site-content-layout":"","ast-site-content-layout":"full-width-container","site-content-style":"default","site-sidebar-style":"default","ast-global-header-display":"","ast-banner-title-visibility":"","ast-main-header-display":"","ast-hfb-above-header-display":"","ast-hfb-below-header-display":"","ast-hfb-mobile-header-display":"","site-post-title":"","ast-breadcrumbs-content":"","ast-featured-img":"disabled","footer-sml-layout":"","theme-transparent-header-meta":"","adv-header-id-meta":"","stick-header-meta":"","header-above-stick-meta":"","header-main-stick-meta":"","header-below-stick-meta":"","astra-migrate-meta-layouts":"default","ast-page-background-enabled":"default","ast-page-background-meta":{"desktop":{"background-color":"var(--ast-global-color-5)","background-image":"","background-repeat":"repeat","background-position":"center center","background-size":"auto","background-attachment":"scroll","background-type":"","background-media":"","overlay-type":"","overlay-color":"","overlay-opacity":"","overlay-gradient":""},"tablet":{"background-color":"","background-image":"","background-repeat":"repeat","background-position":"center center","background-size":"auto","background-attachment":"scroll","background-type":"","background-media":"","overlay-type":"","overlay-color":"","overlay-opacity":"","overlay-gradient":""},"mobile":{"background-color":"","background-image":"","background-repeat":"repeat","background-position":"center center","background-size":"auto","background-attachment":"scroll","background-type":"","background-media":"","overlay-type":"","overlay-color":"","overlay-opacity":"","overlay-gradient":""}},"ast-content-background-meta":{"desktop":{"background-color":"var(--ast-global-color-4)","background-image":"","background-repeat":"repeat","background-position":"center center","background-size":"auto","background-attachment":"scroll","background-type":"","background-media":"","overlay-type":"","overlay-color":"","overlay-opacity":"","overlay-gradient":""},"tablet":{"background-color":"var(--ast-global-color-4)","background-image":"","background-repeat":"repeat","background-position":"center center","background-size":"auto","background-attachment":"scroll","background-type":"","background-media":"","overlay-type":"","overlay-color":"","overlay-opacity":"","overlay-gradient":""},"mobile":{"background-color":"var(--ast-global-color-4)","background-image":"","background-repeat":"repeat","background-position":"center center","background-size":"auto","background-attachment":"scroll","background-type":"","background-media":"","overlay-type":"","overlay-color":"","overlay-opacity":"","overlay-gradient":""}},"footnotes":""},"class_list":["post-306","page","type-page","status-publish","hentry"],"_links":{"self":[{"href":"https:\/\/web31251803.lab1.almamater.si\/index.php?rest_route=\/wp\/v2\/pages\/306","targetHints":{"allow":["GET"]}}],"collection":[{"href":"https:\/\/web31251803.lab1.almamater.si\/index.php?rest_route=\/wp\/v2\/pages"}],"about":[{"href":"https:\/\/web31251803.lab1.almamater.si\/index.php?rest_route=\/wp\/v2\/types\/page"}],"author":[{"embeddable":true,"href":"https:\/\/web31251803.lab1.almamater.si\/index.php?rest_route=\/wp\/v2\/users\/1"}],"replies":[{"embeddable":true,"href":"https:\/\/web31251803.lab1.almamater.si\/index.php?rest_route=%2Fwp%2Fv2%2Fcomments&post=306"}],"version-history":[{"count":30,"href":"https:\/\/web31251803.lab1.almamater.si\/index.php?rest_route=\/wp\/v2\/pages\/306\/revisions"}],"predecessor-version":[{"id":456,"href":"https:\/\/web31251803.lab1.almamater.si\/index.php?rest_route=\/wp\/v2\/pages\/306\/revisions\/456"}],"wp:attachment":[{"href":"https:\/\/web31251803.lab1.almamater.si\/index.php?rest_route=%2Fwp%2Fv2%2Fmedia&parent=306"}],"curies":[{"name":"wp","href":"https:\/\/api.w.org\/{rel}","templated":true}]}}